rime?
True
Let z(j) = -2546*j - 2977. Is z(-28) prime?
True
Let c(l) = -1155*l - 62. Suppose -114 + 109 = -5*y, 0 = b + 5*y + 16. Is c(b) a composite number?
True
Let a = 1794 - -2255. Is a a composite number?
False
Suppose 5602*u - 5581*u - 9150939 = 0. Is u composite?
True
Suppose -87*c + 5*c - 99240612 = -249527014. Is c a composite number?
True
Let t(b) = -32*b**3 + b**2 - 12 + 5*b + 5 + 11. Let c = -145 + 142. Is t(c) composite?
True
Is 3/9*(-11)/(77/(-2489109)) prime?
True
Suppose -373*v - 7142230 = -383*v. Is v a composite number?
False
Suppose -4*n + 3*w + 1305552 = 199507, -4*w = n - 276497. Is n prime?
False
Let b = 17 + -3. Let r(p) = 83*p - 12. Let x be r(b). Suppose w + 251 = 5*h + 1407, -w + x = h. Is w prime?
True
Let x be (3/9 + -1)*6. Is x/(-20) + (-79336)/(-20) a prime number?
True
Let u(b) = -19621*b + 468. Is u(-5) a composite number?
False
Suppose -4*o = -2*p + 82110, -4*o + 248763 - 43460 = 5*p. Is p a prime number?
False
Is 93/(-682) + (-13252196)/(-88) a composite number?
True
Let a be -8637*7/((-21)/2). Suppose 144*x = 146*x - a. Is x a prime number?
True
Let x(r) = 27*r**3 + r**2 + 15*r - 197. Is x(8) a prime number?
False
Let x(u) = 12130*u + 209. Let p be (-3 - (-21)/9)*234/(-52). Is x(p) a prime number?
True
Let o(y) = -5*y**3 + 48*y**2 + 40*y - 20. Let t(k) = -4*k**3 + 47*k**2 + 42*k - 21. Let j(u) = -5*o(u) + 6*t(u). Is j(-33) prime?
True
Suppose -5*k = 2*k - k. Suppose k*j - 3*j = -2*i - 74, 0 = j + 4*i - 34. Let o = j - -27. Is o prime?
True
Suppose 8 = 21*x - 17*x. Is 1831 + -16 - (x + -5) - -5 prime?
True
Let o(x) = -5*x + 85. Let y be o(17). Suppose 3*w - 185 - 442 = y. Is w a prime number?
False
Suppose 10*u = 7*u + 4509. Let b = u - -6536. Is b prime?
True
Let b(p) = -p + 2. Let n = 96 - 93. Let a(w) = 337*w + 61. Let v(i) = n*b(i) + a(i). Is v(13) a composite number?
False
Suppose 24 = -o - o + 4*p, 0 = -4*o - 4*p + 12. Is (422/8)/(495/(-252) - o) prime?
False
Let p be ((-5)/4)/(3/12*-1). Suppose -70 = -p*r - 0. Suppose -3*z - r = -2, -3*c + 2*z = -1421. Is c composite?
True
Let h be 57/38*4/3. Suppose 2*m + 2*m + 3350 = h*x, -2*m = x - 1659. Is x/9 + 4/(-18) a composite number?
True
Is (61 - 65)*37084/(-16) a prime number?
False
Let s(g) = -86*g + 29. Let h(y) = -4. Let a(o) = -o - 29. Let w(m) = 4*a(m) - 20*h(m). Let u be w(-8). Is s(u) prime?
True
Let o = 77 - 29. Let i = o - 39. Suppose -i*z - 2922 = -19509. Is z prime?
False
Suppose -3*l + 461831 + 204141 = -5*x, 4*l - 5*x - 887971 = 0. Is l prime?
True
Let x(y) = -70*y - 131. Let k be x(32). Let w = 3374 + k. Is w a composite number?
True
Let q = 299 + -297. Is 1458594/135 + 3*q/10 a composite number?
True
Suppose 33*x - 26*x = -224. Is (-13688)/x*(2 - -2) composite?
True
Is -540766*3/9*(-69)/46 prime?
False
Suppose 75502 = 2*b + 2*z, -4*b + 151022 = -20*z + 15*z. Is b a composite number?
True
Let m(r) be the third derivative of 9*r**2 + 1/3*r**3 - 53/24*r**4 + 4 + 0*r. Is m(-7) prime?
True
Let f(n) = -74*n**2 + 4*n - 3. Let i(x) = 73*x**2 - 5*x + 4. Let l(u) = -u**2 - 2*u + 4. Let r be l(-4). Let t(q) = r*i(q) - 5*f(q). Is t(-3) composite?
False
Let z(s) = 78*s**2 + 4*s + 227. Is z(12) a prime number?
False
Let o be (11 - 35)*(-3)/9. Is -3*((-16611)/9 - o) prime?
False
Let v = -5136 - -12354. Suppose v = 4*h - 10410. Suppose -8*d + h - 799 = 0. Is d composite?
True
Let k = -37 - 2417. Let m = -1745 - k. Is m prime?
True
Let p(l) = 205*l**3 + 7*l**2 - 10*l - 15. Let k be p(5). Is k*(7/35 + 0) a composite number?
False
Suppose 0*b = b + 1. Let x(k) = k**3 + 6*k**2 + 7*k. Let o be x(-2). Is ((-7)/(-1) - o)/(b/(-233)) composite?
True
Let x be 1375/(-4) + 9/(-4) + 3. Let t = x - -1236. Suppose 0 = -3*w - 9, 0*z - 2*z + t = 5*w. Is z a composite number?
True
Let f = -16723 - 3309. Let i = -9215 - f. Is i a composite number?
True
Suppose 4*t = -5*k + 9, 2*t - 15*k + 20*k + 3 = 0. Suppose w - 3361 = -5*b, -2*b + t*b = -3*w + 2680. Is b a prime number?
True
Let h = 118 - 113. Suppose h*g = 3*y + 3140, 1282 = 6*g - 4*g + 4*y. Is g prime?
True
Let f(p) = -p**2 - 3*p - p - 8*p + 7*p + 29. Let b be f(-8). Suppose -m - 230 = b*w - 4574, -2*w - 2*m + 1736 = 0. Is w a prime number?
False
Is 33094/(4/((-14)/49*-7)) a composite number?
False
Let o(h) = h**3 - 6*h**2 + 2*h - 4. Let k be o(6). Let a be 57/k + 15/(-120). Suppose a*p = -1440 + 3673. Is p a composite number?
True
Let x be (853 + (9 - 0))*81*1. Suppose -87285 = -5*c + 5*z, c = 5*c - z - x. Is c a prime number?
False
Let s(r) = -r + 15. Let k be s(12). Suppose -x + 2*g + 530 = 6*g, -1545 = -3*x + k*g. Suppose 541 = 3*i - x. Is i a composite number?
False
Suppose 2*n - 247389 = 7*y - 8*y, -8*y = -3*n - 1979131. Is y a composite number?
False
Suppose -10*v + 749178 + 6684152 = 0. Is v a prime number?
True
Suppose 0 = -57*r + 3037147 + 2580260. Is r a composite number?
True
Let j(z) be the first derivative of -107*z**4/4 - 4*z**3/3 - z**2/2 - z + 2652. Let f(s) = -s**2 - 2*s + 1. Let x be f(1). Is j(x) prime?
False
Suppose 0 = f - 0*f - 54809. Suppose 0 = -3*p + f - 4613. Suppose 6*u - 2*u - p = 0. Is u prime?
False
Suppose 2*f + 54 = 5*f. Let n(t) = 4*t**2 + 6*t - 6 + 10*t**2 + 15*t**2 + f*t**2. Is n(5) composite?
True
Suppose 5*a + u = -1780, 0 = 3*a - 8*a + 2*u - 1795. Let q = a + 616. Is q composite?
True
Let m = -76 - -42. Let g = m - -42. Suppose -g*c = c - 981. Is c composite?
False
Suppose -2*k - 13462 = -3266. Let j = 11621 + k. Is j a prime number?
False
Suppose -120 = -g + 4*g. Let u = g + 50. Suppose -u*y + 248 + 302 = 0. Is y prime?
False
Suppose 3*g = -3*h + 225354, -5*g + 5*h + 327295 + 48335 = 0. Is g a prime number?
False
Is ((-28)/(-77) + (-1980561)/(-242))/(1/22) prime?
False
Let v = -52 + 53. Let x(y) = 4*y**2 + 3*y - 2. Let r be x(v). Suppose 4*k = -r*z + 1550, -4*k = 3*z - 0*k - 922. Is z composite?
True
Let b be (3/(-6))/(2/64). Let w = -13 - b. Suppose 0 = -5*t - 0*y + 4*y + 5597, -w*y + 2225 = 2*t. Is t a prime number?
True
Let q be 46/8 + (-10)/((-160)/(-12)). Suppose 0 = q*h, -514 = 4*y + 5*h - 1706. Is y a prime number?
False
Let u(y) = 161*y - 3. Let q be (-2)/4 + 2 + 76/8. Suppose 11*j + 0*j = q. Is u(j) composite?
True
Suppose -4*s = a - 193963, 2*a + 3*s = s + 387962. Is a composite?
True
Suppose 5*p + 4*u + 3717 + 398 = 0, 5*u = -2*p - 1646. Let o = p + 1154. Is o prime?
True
Let j = -3 + 7. Let u be (0 - 3) + -4 + j. Is 12 - (-5 - -3 - u) a prime number?
True
Let d = 612059 + -349336. Is d a composite number?
False
Suppose -9 = -3*v, -3*j - 3 = -2*v + 3. Suppose 0 = 3*z - 5*y - 2665 - 2861, j = -2*y + 6. Is z a prime number?
True
Let i = 3835 + -11401. Let h = -1999 - i. Is h prime?
False
Let w = 19929 - 13073. Suppose w + 2069 = r + 2*i, -4*i - 4 = 0. Is r composite?
True
Let n(t) = 312*t**2 + 194*t + 43. Is n(14) a prime number?
False
Let b be (-1 + 5)*132/(-88). Let l(w) = -23*w**3 + 6*w**2 + 2*w - 31. Is l(b) a composite number?
True
Let j(g) = 1497*g**3 + g**2 + g - 2. Let a be j(1). Suppose 0 = -19*h + 16*h + a. Is h a prime number?
True
Let i be -8 - 6/(30/(-25)). Let h(g) = -773*g - 26. Is h(i) prime?
True
Let y = 210 - 216. Let o(z) = -528*z + 53. Is o(y) a composite number?
False
Let i(h) be the first derivative of 63*h**2 + 37*h - 47. Is i(3) a prime number?
False
Suppose w - s + 0 - 4 = 0, 3*w - 10 = 2*s. Suppose -y - 34877 = -4*o - w*y, -4*o + 3*y = -34857. Suppose -5*v + 10893 = -a - a, 4*v + 2*a = o. Is v prime?
True
Is (-3)/24*-4 - (-3120130)/20 prime?
True
Is 0 + (-6582756)/420*-5 + (-18)/(-21) a prime number?
True
Let p(m) = -72*m - 239. Let d(i) = -363*i - 1195. Let x(h) = -2*d(h) + 11*p(h). Is x(-42) a composite number?
True
Let r be 203926/18 + 24/(-108). Suppose 7*c - r = -1746. Is c a composite number?
True
Is (5 - 625190/(-25))*5 composite?
False
Let k be -3*4/6 + 2. Suppose i - 4*i + 4*j + 300 = 0, -i + 3*j + 95 = k. Is 4/(-6) + i/3 - 0 a composite number?
True
Let l = -48290 - 6190. Is 8 + (l - -5)/(-5) a prime number?
True
Let s = 77 - 44. Is (-37956)/(-8)*22/s prime?
True
Suppose 7*v = 9261 - 819. Suppose 0 = -4*s + v + 3038. Is s a prime number?
True
Suppose -4*b = 3*v - 6314786, 3*b + 5*v = 634009 + 4102064. Is b composite?
False
Let w(g) = 17*g**2 + 2*g + 13. Let p(o) = 2*o**2 - 4*o - 7. Let q be p(0). Let i be q + 11 - 1*-4. Is w(i) a prim